{"id":6762,"date":"2018-01-31T15:03:55","date_gmt":"2018-01-31T14:03:55","guid":{"rendered":"https:\/\/beoapartman.com\/blog\/?page_id=6762"},"modified":"2019-08-19T17:02:46","modified_gmt":"2019-08-19T16:02:46","slug":"sve-sto-ste-hteli-da-znate-o-kategorizaciji-apartmana-u-beogradu","status":"publish","type":"page","link":"https:\/\/beoapartman.com\/blog\/sve-sto-ste-hteli-da-znate-o-kategorizaciji-apartmana-u-beogradu\/","title":{"rendered":"Sve \u0161to ste hteli da znate o Kategorizaciji apartmana u Beogradu, a niste smeli da pitate"},"content":{"rendered":"\n<figure class=\"wp-block-pullquote\"><blockquote><p>Ovaj tekst je napisan pre stupanja na snagu novog Zakona o ugostiteljstvu (1. jula 2019.). Po nekim informacijama na snazi su novi uslovi u slu\u010dajevima kada stan poku\u0161ava da kategori\u0161e fizi\u010dko lice.<\/p><\/blockquote><\/figure>\n\n\n<ol>\n<li><a style=\"background-color: #ffffff;\" href=\"#ko-je-zaduzen-za-kategorizaciju\">Ko je zadu\u017een za kategorizaciju apartmana?<\/a><\/li>\n<li><a style=\"background-color: #ffffff;\" href=\"#postupak-kategorizacije\">Kako izgleda postupak kategorizacije?<\/a><\/li>\n<li><a style=\"background-color: #ffffff;\" href=\"#koliko-kosta-kategorizacija\">Koliko ukupno ko\u0161ta kategorizacija apartmana?<\/a><\/li>\n<li><a style=\"background-color: #ffffff;\" href=\"#kategorizacija-apartmana-potrebna-dokumentacija\">Kategorizacija apartmana potrebna dokumentacija?<\/a><\/li>\n<li><a style=\"background-color: #ffffff;\" href=\"#koliko-traje-kategorizacija-apartmana\">Koliko traje proces kategorizacije?<\/a><\/li>\n<li><a style=\"background-color: #ffffff;\" href=\"#uslovi-za-kategorizaciju-apartmana\">Koji su uslovi za kategorizaciju apartmana?<\/a><\/li>\n<li><a style=\"background-color: #ffffff;\" href=\"#da-li-je-moguce-kategorisati-apartman-koji-je-u-zakupu\">Da li je mogu\u0107e kategorisati apartman koji je u zakupu?<\/a><\/li>\n<li><strong><a href=\"#kategorizacija-apartmana-saglasnost-skupstine-stanara\">Da li je za kategorizaciju apartmana potrebna saglasnost Skup\u0161tine stanara?<\/a><\/strong><\/li>\n<li><a style=\"background-color: #ffffff;\" href=\"#kategorizacija-apartmana-rok-vazenja\">Koliko va\u017ei Re\u0161enje o kategorizaciji apartmana?<\/a><\/li>\n<li><a style=\"background-color: #ffffff;\" href=\"#prijava-apartmana-MUP\">Kako se apartman prijavljuje u MUP-u?<\/a><br \/>\n<h1>Uvod<\/h1>\n<p style=\"text-align: justify;\"><strong>Kategorizacija apartmana za iznajmljivanje<\/strong>, odnosno <strong>dozvola za iznajmljivanje apartmana<\/strong>, je u su\u0161tini odgovor na ve\u0107inu pitanja vezanih za izdavanje stanova na dan turistima kada to radite <strong>po zakonu.<\/strong><\/p>\n<p style=\"text-align: justify;\">Ona je samo naizgled bauk i no\u0107na mora vlasnicima stanova.<\/p>\n<p style=\"text-align: justify;\">Ako se, prate\u0107i prili\u010dno jasna uputstva nadle\u017enih organa, upustite u malu birokratsku avanturu sve su \u0161anse da \u0107ete iz nje iza\u0107i kao pobednik \u2013 vlasnik kategorisanog apartmana, kome dokoni kom\u0161ija vi\u0161e ne mo\u017ee da preti inspekcijom i policijom \u201ejer izdaje stan na dan turistima\u201c.<\/p>\n<p style=\"text-align: justify;\"><em><strong>Apartmani pripadaju kategoriji ugostiteljskih objekata za sme\u0161taj <\/strong><\/em>i kao takve ih prepoznaje nadle\u017eno ministarstvo. Dakle, apartmani u Beogradu su klasifikovani<span style=\"text-decoration: underline;\"><em> u istoj grupi sa hotelima, motelima, pansionima, kampovima&#8230; spadaju u doma\u0107u radinost i njihovo izdavanje nije protivzakonito<\/em><\/span>.<\/p>\n<p style=\"text-align: justify;\">Ova informacija verovatno ohrabruje, zar ne?<\/p>\n<p style=\"text-align: justify;\">Umesto da budete \u201eonaj koji izdaje stan za \u0161valeraciju\u201c, postajete posrednik u ugostiteljstvu koji se ni u \u010demu ne razlikuje od vlasnika seoskog doma\u0107instva na Zlatiboru ili vlasnika kampa na Pali\u0107u. Zapravo, razlike postoje u tome \u0161to vi mo\u017eete biti samo fizi\u010dko lice koje izdaje apartman i nije neophodno da imate registrovanu firmu, ali o tome \u0107e vi\u0161e re\u010di biti u narednim redovima.<\/p>\n<p style=\"text-align: justify;\">U \u017eelji da pomognemo svima koji po\u017eele da izdaju stan na dan u skladu sa propisima, poku\u0161a\u0107emo da odgovorimo na <strong>najva\u017enija i naj\u010de\u0161\u0107a pitanja o kategorizaciji apartmana u Beogradu<\/strong>.<\/p>\n<h1 id=\"ko-je-zaduzen-za-kategorizaciju\"><strong>Ko je zadu\u017een za kategorizaciju apartmana u Beogradu? <\/strong><\/h1>\n<p>Za kategorizaciju ugostiteljskih objekata za sme\u0161taj zadu\u017eene su lokalne samouprave.<\/p>\n<p>U na\u0161em slu\u010daju to je grad Beograd, preciznije &#8211; Sekretarijat za privredu Gradske uprave grada Beograda. <strong>Nalazi se u ulici Kraljice Marije (biv\u0161a 27. Marta) br. 1, na 17. spratu (nekada\u0161nja zgrada \u201eIneks\u201c)<\/strong>. \u010cim iza\u0111ete iz lifta, u\u0111ite u levi hodnik i vide\u0107ete na jednim od vrata sa desne strane \u201eSektor za turizam i ugostiteljstvo\u201c.<img loading=\"lazy\" class=\"aligncenter size-full wp-image-6758\" src=\"https:\/\/beoapartman.com\/blog\/wp-content\/uploads\/2018\/01\/INEKS.jpg\" alt=\"\" width=\"1024\" height=\"768\" \/><\/p>\n<p>\u00a0<\/p>\n<p>Tu ste.<\/p>\n<p>Od slu\u017ebenika ovog sektora mo\u017eete da dobijete osnovne smernice za prikupljanje dokumentacije, a upravo oni \u010dine komisiju za kategorizaciju koja po predaji zahteva dolazi u va\u0161 apartman i utvr\u0111uje ispunjavate li uslove za kategorizaciju.<\/p>\n<p><a href=\"#top\">Vrati me na vrh strane<\/a><\/p>\n<section>\n<h1 id=\"postupak-kategorizacije\"><strong>Kako te\u010de postupak kategorizacije?<\/strong><\/h1>\n<ol>\n<li>Prikupljanje dokumentacije, popunjavanje zahteva i formulara<\/li>\n<li>Pla\u0107anje takse<\/li>\n<li>Predaja dokumenatacije na Pisarnici u Kraljice Marije<\/li>\n<li>Telefonski poziv nekog od \u010dlanova komisije: &#8220;Mi bismo do\u0161li u \u010detvrtak u 13h&#8230;?&#8221;<\/li>\n<li>Dolazak komisije i utvr\u0111ivanje kategorije apartmana<\/li>\n<li>Posle 10tak dana (u zavisnosti od gu\u017eve)- odlazak po re\u0161enje o kategorizaciji i nalepnicu sa brojem zvezdica<\/li>\n<li>Prijava apartmana u Upravi za strance u Savskoj 35, MUP (ukoliko \u017eelite da mo\u017eete da budete doma\u0107ini i strancima)<\/li>\n<li>Potpisivanje ugovora sa nekom od agencija za kratkoro\u010dni najam, naprimer- sa nama \ud83d\ude42<\/li>\n<\/ol>\n<p><a href=\"#top\">Vrati me na vrh strane<\/a><\/p>\n<\/section>\n<section>\n<h1 id=\"koliko-kosta-kategorizacija\"><strong>Koliko ukupno ko\u0161ta kategorizacija apartmana? <\/strong><\/h1>\n<p>Kao fizi\u010dko lice, plati\u0107ete:<\/p>\n<ul>\n<li>Prepis lista nepokretnosti \u2013 Katastar &#8211; oko 1000 dinara*<\/li>\n<li>Lekarsko uvrenje \u2013 2000 dinara*<\/li>\n<li>Sanitarna knji\u017eica \u2013 2000 dinara*<\/li>\n<li>Administrativnu taksu \u2013 310 dinara za podno\u0161enje zahteva i 520 dinara za izradu re\u0161enja*<\/li>\n<\/ul>\n<h6>*<em><strong>ovo su cene iz 2017 godine<\/strong><\/em><\/h6>\n<p>Kao pravno lice, plati\u0107ete:<\/p>\n<ul>\n<li>Zinite da vam ka\u017eemo<\/li>\n<\/ul>\n<p>Niste valjda mislili da \u0107emo da poma\u017eemo konkurenciji?<\/p>\n<\/section>\n<p><a href=\"#top\">Vrati me na vrh strane<\/a><\/p>\n<section>\n<h1 id=\"kategorizacija-apartmana-potrebna-dokumentacija\"><strong>Kategorizacija apartmana potrebna dokumentacija?<\/strong><\/h1>\n<p>\u00a0<\/p>\n<ol>\n<li><span style=\"text-decoration: underline;\"><span style=\"text-decoration: underline;\"><strong>Obrazac Izjave za fizi\u010dka lica<br \/><\/strong><\/span><\/span>Ova izjava ti\u010de se pribavljanja potrebnih dokumenata.Mo\u017eete izabrati da nadle\u017eni organ sam pribavi potrebna dokumenta u vezi sa Va\u0161im zahtevom, ali Vam preporu\u010dujemo da izaberete da to sami obavite jer je daleko br\u017ee i znatno skra\u0107uje proces kategorizacije.<\/li>\n<li><span style=\"text-decoration: underline;\"><strong>Popunjen obrazac Izjave sa podacima o ispunjenosti standarda propisanih za odre\u0111enu vrstu i kategoriju ugostiteljskog objekta\u00a0 <\/strong><\/span><br \/>Ovo je najobimniji formular koji popunjavate. Sadr\u017ei obavezne i izborne elemente, na osnovu \u010dijeg zbira bodova se odre\u0111uje kategorija apartmana.<\/li>\n<li><span style=\"text-decoration: underline;\"><strong>Popunjen obrazac Izjave sa podacima o ispunjenosti minimalno tehni\u010dkih uslova za ure\u0111enje i opremanje ugostiteljskih objekata za sme\u0161taj u doma\u0107oj radinosti propisanih za odre\u0111enu vrstu i kategoriju ugostiteljskog objekta<\/strong><\/span><br \/>Ovo je, zapravo, spisak svih neophodnih uslova koje apartman mora da ispuni da bi imao uslov za kategorizaciju.<\/li>\n<li><strong><span style=\"text-decoration: underline;\">Popunjen obrazac Izjave o ispunjenosti sanitarno-higijenskih uslova<\/span><br \/><\/strong>Sanitarno-higijenski uslovi odnose se sve elemente u vezi sa tim. U urbanizovanoj sredini kakva je grad Beograd su ovi uslovi ispunjeni.<\/li>\n<\/ol>\n<div class=\"sdm_download_item \"><div class=\"sdm_download_item_top\"><div class=\"sdm_download_thumbnail\"><img class=\"sdm_download_thumbnail_image\" src=\"https:\/\/beoapartman.com\/blog\/wp-content\/uploads\/2018\/01\/OBRAZAC-1-THUMB.jpg\" \/><\/div><div class=\"sdm_download_title\">Obrazac Izjave 1- za fizicka lica<\/div><\/div><div style=\"clear:both;\"><\/div><div class=\"sdm_download_description\"><p>Obrazac Izjave 1- za fizicka lica<\/p>\n<\/div><div class=\"sdm_download_link\"><span class=\"sdm_download_button\"><a href=\"https:\/\/beoapartman.com\/blog\/?smd_process_download=1&download_id=6764\" class=\"sdm_download pink\" title=\"Obrazac Izjave 1- za fizicka lica\" target=\"_blank\">Download Now!<\/a><\/span><span class=\"sdm_download_item_count\"><span class=\"sdm_item_count_number\">1610<\/span><span class=\"sdm_item_count_string\"> Downloads<\/span><\/span><\/div><\/div><div class=\"sdm_clear_float\"><\/div>\n<div class=\"sdm_download_item \"><div class=\"sdm_download_item_top\"><div class=\"sdm_download_thumbnail\"><img class=\"sdm_download_thumbnail_image\" src=\"https:\/\/beoapartman.com\/blog\/wp-content\/uploads\/2018\/01\/ZAHTEV-ZA-FIZICKO-LICE.jpg\" \/><\/div><div class=\"sdm_download_title\">Zahtev za fizi\u010dko lice<\/div><\/div><div style=\"clear:both;\"><\/div><div class=\"sdm_download_description\"><\/div><div class=\"sdm_download_link\"><span class=\"sdm_download_button\"><a href=\"https:\/\/beoapartman.com\/blog\/?smd_process_download=1&download_id=6772\" class=\"sdm_download blue\" title=\"Zahtev za fizi\u010dko lice\" target=\"_self\">Download Now!<\/a><\/span><span class=\"sdm_download_item_count\"><span class=\"sdm_item_count_number\">1146<\/span><span class=\"sdm_item_count_string\"> Downloads<\/span><\/span><\/div><\/div><div class=\"sdm_clear_float\"><\/div>\n<\/section>\n<p><a href=\"#top\">Vrati me na vrh strane<\/a><\/p>\n<section>\n<h1 id=\"koliko-traje-kategorizacija-apartmana\"><strong>Koliko traje proces kategorizacije?<\/strong><\/h1>\n<p>Obrada predmeta traje 30 dana.<\/p>\n<p>Ona obuhvata prijem predmeta tj., zahteva sa dokumentacijom, ispitavanje potpunosti prispele dokumatacije, u slu\u010daju da dokumentacija nije kompletna upu\u0107uje se poziv za dopunu dokumentacije i prosle\u0111ivanje projekta sa urednom dokumentacijom Komisiji za kategorizaciju.<\/p>\n<p><a href=\"#top\">Vrati me na vrh strane<\/a><\/p>\n<h1 id=\"uslovi-za-kategorizaciju-apartmana\"><strong>\u0160ta stan mora da ima da bi ispunjavao uslove za kategorizaciju?<\/strong><\/h1>\n<p>To zavisi od kategorije koju \u017eelite da postignete.<\/p>\n<p><strong>Minimum je<\/strong>:<\/p>\n<ol>\n<li>Osoba za prijem gosta obezbe\u0111ena po potrebi<\/li>\n<li>Sudopera sa teku\u0107om toplom i hladnom vodom<\/li>\n<li>Rashladni ure\u0111aj za \u010duvanje hrane i pi\u0107a<\/li>\n<li>Termi\u010dki ure\u0111aj za kuvanje\u00a0najmanje dve plo\u010de<\/li>\n<li>Ure\u0111aj za odvod dima, pare i mirisa iznad termi\u010dkog ure\u0111aja<\/li>\n<li>Kuhinjski elementi sa posebnim odeljcima i policama za odlaganje namirnica, posu\u0111a i pribora za pripremanje, serviranje i konzumiranje hrane, pi\u0107a i napitaka<\/li>\n<li>Posu\u0111e za pripremanje hrane , pi\u0107a i napitaka<\/li>\n<li>Pribor za konzumiranje hrane, pi\u0107a i napitaka prema broju kreveta<\/li>\n<li>Pribor za pranje i brisanje posu\u0111a<\/li>\n<li>Higijenska posuda za otpatke<\/li>\n<li>Trpezarijski sto i stolice prema broju kreveta<\/li>\n<li>Stolnjak ili pojedina\u010dni podmeta\u010d, papirne ili platnene salvete<\/li>\n<li>Tu\u0161 kabina ili kada sa paravanom<\/li>\n<li>Prostirka za noge<\/li>\n<li>Dodatni pokriva\u010d<\/li>\n<li>Inventarska lista, cenovnik usluga i ku\u0107ni red ispisani na srpskom i najmanje jednom stranom jeziku<\/li>\n<li>Televizor sa daljinskim upravlja\u010dem<\/li>\n<li>Osoba za prijem gosta obezbe\u0111ena po potrebi<\/li>\n<li>jedan slobodan utika\u010d<\/li>\n<li>Plan evakuacije (protivpo\u017earni plan na vratima ili u blizini vrata apartmana)<\/li>\n<\/ol>\n<p>Ina\u010de,\u00a0 <span style=\"text-decoration: underline;\"><strong>minimalna povr\u0161ina<\/strong><\/span> koju apartman mora da ima je <strong>19 kvadratnih metara za studio apartman<\/strong>, odnosno <strong>33 kvadratna metra za apartman sa odvojemnom spava\u0107om sobom<\/strong>.<\/p>\n<p>Ovo su ipak samo minimalni uslovi (dakle za apartman sa 1 zvezdicom). Spisak stvari koje poma\u017eu u kategorizaciji je daleko du\u017ei a njih mo\u017eete pogledati u PDF fajlu koji se nalazi ispod.<\/p>\n<div class=\"sdm_download_item \"><div class=\"sdm_download_item_top\"><div class=\"sdm_download_thumbnail\"><img class=\"sdm_download_thumbnail_image\" src=\"https:\/\/beoapartman.com\/blog\/wp-content\/uploads\/2018\/02\/STANDARDI-THUMB.jpg\" \/><\/div><div class=\"sdm_download_title\">Standardi za razvrstavanje Apartmana<\/div><\/div><div style=\"clear:both;\"><\/div><div class=\"sdm_download_description\"><\/div><div class=\"sdm_download_link\"><span class=\"sdm_download_button\"><a href=\"https:\/\/beoapartman.com\/blog\/?smd_process_download=1&download_id=6787\" class=\"sdm_download darkblue\" title=\"Standardi za razvrstavanje Apartmana\" target=\"_self\">Download Now!<\/a><\/span><span class=\"sdm_download_item_count\"><span class=\"sdm_item_count_number\">2273<\/span><span class=\"sdm_item_count_string\"> Downloads<\/span><\/span><\/div><\/div><div class=\"sdm_clear_float\"><\/div>\n<h2>\u0160ta ako Komisija utvrdi da se u apartmanu ne nalaze svi potrebni elementi za kategorizaciju?<\/h2>\n<p>U slu\u010daju da nisu zadovoljeni uslovi, Komisija uz saglasnost podnosioca zahteva daje rok da se postave nedostaju\u0107i elementi ili da se uklone nedostaci. Nakon datog roka Komisija izlazi na kontrolni pregled i konstatuje da li je ponosilac zahteva postupio po predhodnom zapisniku.<\/p>\n<h2>Da li je va\u017eno koliko \u0107e zvezdica dobiti apartman, odnosno koje je kategorije?<\/h2>\n<p>Zvezdice, odnosno kategorija apartmana, govori o njegovoj opremljenosti i op\u0161tem utisku. Me\u0111utim, to nije presudno za izdavanje.<br \/><a href=\"#top\">Vrati me na vrh strane<\/a><\/p>\n<\/section>\n<section>\n<h1 id=\"da-li-je-moguce-kategorisati-apartman-koji-je-u-zakupu\"><strong>Da li je mogu\u0107e kategorisati apartman koji je u zakupu?<\/strong><\/h1>\n<p>Da.<\/p>\n<p><strong>Uz saglasnost vlasnika stana<\/strong>, <span style=\"text-decoration: underline;\"><strong><em>ukoliko je zakupac pravno lice<\/em>.<\/strong><\/span><\/p>\n<p><strong>Ukoliko je zakupac fizi\u010dko lice<\/strong> \u2013 te\u0161ko je re\u010di. Po novom zakonu koji je stupio na snagu 1. jula 2019. ne pi\u0161e da tre\u0107e lice ne mo\u017ee kategorisati stan u ime vlasnika, ali\u00a0 \u010dlanu 32 pi\u0161e da\u00a0<\/p>\n<p><em>Fizi\u010dko lice koje pru\u017ea ugostiteljske usluge u ugostiteljskom objektu doma\u0107e radinosti i seoskog turisti\u010dkog doma\u0107instva <strong>mora biti vlasnik, odnosno suvlasnik tog sme\u0161tajnog objekta.<\/strong><\/em><\/p>\n<p>Iako se ovo ne odbosi direktno na kategorizaciju postoje iskustva nekih fizi\u010dkih lica kojima je nije prihva\u0107en zahtev za kategorizaciju ba\u0161 zato pto nisu vlasnici objekta. \u0160to ima smisla, po\u0161to svakako ne bi mogli naknadno da se bave delatno\u0161\u0107u.<\/p>\n<p><em><strong>Ranije je<\/strong> <\/em>fizi\u010dkom licu bilo neophodno<strong> punomo\u0107je vlasnika stana.<\/strong><\/p>\n<p>Punomo\u0107je treba da sadr\u017ei ovla\u0161\u0107enje vlasnika da punomo\u0107nik mo\u017ee da: vr\u0161i prihvat turista, vr\u0161i prijavljivanje Upravi za strance &#8211; MUP, sklapa ugovore sa agencijama i pravnim licima o posredovanju i dr.<br \/><a href=\"#top\">Vrati me na vrh strane<\/a><\/p>\n<\/section>\n<section>\n<h1 id=\"kategorizacija-apartmana-saglasnost-skupstine-stanara\"><strong>Da li je za kategorizaciju apartmana potrebna saglasnost Skup\u0161tine stanara?<\/strong><\/h1>\n<p>Ne.<\/p>\n<p>Nigde u Zakonu ili Pravilniku o kategorizaciji se ne pominje ta obaveza.<br \/><a href=\"#top\">Vrati me na vrh strane<\/a><\/p>\n<\/section>\n<section>\n<h1 id=\"kategorizacija-apartmana-rok-vazenja\"><strong>Koliko va\u017ei Re\u0161enje o kategorizaciji apartmana?<\/strong><\/h1>\n<p>Re\u0161enje o kategorizaciji va\u017ei tri godine od dana dostavljanja re\u0161enja podnosiocu zahteva.<br \/><a href=\"#top\">Vrati me na vrh strane<\/a><\/p>\n<\/section>\n<section>\n<h1 id=\"prijava-apartmana-MUP\"><strong>Kako se apartman prijavljuje u MUP-u?<\/strong><\/h1>\n<p>Kada dobijete re\u0161enje o kategorizaciji apartmana, potrebno je prijaviti apartman u MUP-u u Upravi za strance.<\/p>\n<p>Time stavljate svoj apartman na listu kategorisanih sme\u0161tajnih objekata i mo\u017eete prijavljivati svoje goste.<\/p>\n<p>Dovoljno je da sa kopijom re\u0161enja o kategorizaciji i kopijom plana stana (ima\u0107ete ga u evakuacionom planu) odete do MUP &#8211; Uprava za strance i uprava za pograni\u010dne poslove u Savskoj 35.<\/p>\n<p><a href=\"#top\">Vrati me na vrh strane<\/a><\/p>\n<p>\u00a0<\/p>\n<p>E pa to bi bilo to \u0161to se ti\u010de kategorizacije.<\/p>\n<\/section>\n<p>A to je samo preduslov za izdavanje. Potom sledi sklapanje ugovora sa agencijom, <strong>prijavljivanje gostiju<\/strong>, <strong>boravi\u0161ne takse<\/strong>, <strong>porez za izdavanje stan na dan<\/strong>&#8230;i o tome mo\u017eete saznati vi\u0161e u nekom od narednih tekstova.<\/p>\n<p>Ili nam samo postavite pitanje u komentarima ispod.<\/p>\n<\/li>\n<\/ol>\n<p>\u00a0<\/p>\n\n\n<p><\/p>\n","protected":false},"excerpt":{"rendered":"<p class=\"excerpt\">Ovaj tekst je napisan pre stupanja na snagu novog Zakona o ugostiteljstvu (1. jula 2019.). Po nekim informacijama na snazi su novi uslovi u slu\u010dajevima kada stan poku\u0161ava da kategori\u0161e fizi\u010dko lice. Ko je zadu\u017een za kategorizaciju apartmana? Kako izgleda postupak kategorizacije? Koliko ukupno ko\u0161ta kategorizacija apartmana? Kategorizacija apartmana potrebna dokumentacija? Koliko traje proces kategorizacije? Koji su uslovi za kategorizaciju&hellip; <a href=\"https:\/\/beoapartman.com\/blog\/sve-sto-ste-hteli-da-znate-o-kategorizaciji-apartmana-u-beogradu\/\">Read more &rarr;<\/a><\/p>\n","protected":false},"author":3,"featured_media":6786,"parent":0,"menu_order":0,"comment_status":"open","ping_status":"closed","template":"","meta":[],"yoast_head":"<!-- This site is optimized with the Yoast SEO plugin v16.3 - https:\/\/yoast.com\/wordpress\/plugins\/seo\/ -->\n<title>Sve \u0161to ste hteli da znate o kategorizaciji apartmana u Beogradu, a niste smeli da pitate<\/title>\n<meta name=\"description\" content=\"\u017delite da izdajete stan na dan u skladu sa propisima? Odgovor je:kategorizacija apartmana. Ko je zadu\u017een za kategorizaciju apartmana? Kako izgleda postupak kategorizacije? Kolikoko\u0161ta kategorizacija apartmana? Potrebna dokumentacija? Koliko traje proces kategorizacije?\" \/>\n<meta name=\"robots\" content=\"index, follow, max-snippet:-1, max-image-preview:large, max-video-preview:-1\" \/>\n<link rel=\"canonical\" href=\"https:\/\/beoapartman.com\/blog\/sve-sto-ste-hteli-da-znate-o-kategorizaciji-apartmana-u-beogradu\/\" \/>\n<meta property=\"og:locale\" content=\"en_US\" \/>\n<meta property=\"og:type\" content=\"article\" \/>\n<meta property=\"og:title\" content=\"Sve \u0161to ste hteli da znate o kategorizaciji apartmana u Beogradu, a niste smeli da pitate\" \/>\n<meta property=\"og:description\" content=\"\u017delite da izdajete stan na dan u skladu sa propisima? Odgovor je:kategorizacija apartmana. Ko je zadu\u017een za kategorizaciju apartmana? Kako izgleda postupak kategorizacije? Kolikoko\u0161ta kategorizacija apartmana? Potrebna dokumentacija? Koliko traje proces kategorizacije?\" \/>\n<meta property=\"og:url\" content=\"https:\/\/beoapartman.com\/blog\/sve-sto-ste-hteli-da-znate-o-kategorizaciji-apartmana-u-beogradu\/\" \/>\n<meta property=\"og:site_name\" content=\"blog | beoapartman | apartmani u beogradu, preno\u0107i\u0161te, kratkoro\u010dni najam stanova\" \/>\n<meta property=\"article:publisher\" content=\"https:\/\/www.facebook.com\/beoapartman\/\" \/>\n<meta property=\"article:modified_time\" content=\"2019-08-19T16:02:46+00:00\" \/>\n<meta property=\"og:image\" content=\"https:\/\/beoapartman.com\/blog\/wp-content\/uploads\/2018\/02\/KATEGORIZACIJA-APARTMANA-BEOGRAD.jpg\" \/>\n\t<meta property=\"og:image:width\" content=\"694\" \/>\n\t<meta property=\"og:image:height\" content=\"618\" \/>\n<meta name=\"twitter:card\" content=\"summary_large_image\" \/>\n<meta name=\"twitter:site\" content=\"@beoapartman\" \/>\n<meta name=\"twitter:label1\" content=\"Est. reading time\">\n\t<meta name=\"twitter:data1\" content=\"8 minutes\">\n<!-- \/ Yoast SEO plugin. -->","_links":{"self":[{"href":"https:\/\/beoapartman.com\/blog\/wp-json\/wp\/v2\/pages\/6762"}],"collection":[{"href":"https:\/\/beoapartman.com\/blog\/wp-json\/wp\/v2\/pages"}],"about":[{"href":"https:\/\/beoapartman.com\/blog\/wp-json\/wp\/v2\/types\/page"}],"author":[{"embeddable":true,"href":"https:\/\/beoapartman.com\/blog\/wp-json\/wp\/v2\/users\/3"}],"replies":[{"embeddable":true,"href":"https:\/\/beoapartman.com\/blog\/wp-json\/wp\/v2\/comments?post=6762"}],"version-history":[{"count":19,"href":"https:\/\/beoapartman.com\/blog\/wp-json\/wp\/v2\/pages\/6762\/revisions"}],"predecessor-version":[{"id":7499,"href":"https:\/\/beoapartman.com\/blog\/wp-json\/wp\/v2\/pages\/6762\/revisions\/7499"}],"wp:featuredmedia":[{"embeddable":true,"href":"https:\/\/beoapartman.com\/blog\/wp-json\/wp\/v2\/media\/6786"}],"wp:attachment":[{"href":"https:\/\/beoapartman.com\/blog\/wp-json\/wp\/v2\/media?parent=6762"}],"curies":[{"name":"wp","href":"https:\/\/api.w.org\/{rel}","templated":true}]}}